{"id":348,"date":"2025-06-23T14:18:49","date_gmt":"2025-06-23T14:18:49","guid":{"rendered":"https:\/\/sites.edgehill.ac.uk\/rpdc\/?page_id=348"},"modified":"2025-07-10T16:51:09","modified_gmt":"2025-07-10T16:51:09","slug":"dr-esther-murphy","status":"publish","type":"page","link":"https:\/\/sites.edgehill.ac.uk\/rpdc\/dr-esther-murphy\/","title":{"rendered":"Dr Esther Murphy"},"content":{"rendered":"\n<p>Trinity College Dublin<\/p>\n\n\n\n<h3 class=\"wp-block-heading\">DigiAcademy: Transforming education and employment pathways for students with intellectual disabilities via co designed digital and work ready skills training<\/h3>\n\n\n\n<p>Despite the sharp increase in the use of digital technologies and the expansion of the opportunities they offer, people with intellectual disabilities are still more likely to be excluded from the digital world than people without disabilities (Chadwick et al., 2022), which is confirmed by statements from people with intellectual disabilities (ID) themselves (Johansson, Gulliksen and Gustavsson, 2021). Research shows that digital exclusion leads to social exclusion\u00a0 and poor education, employment outcomes with a negative impact on well-being and quality of life in general (Chadwick, 2022; Murphy, 2021; Lake et al., 2021). <\/p>\n\n\n\n<p>People with intellectual disabilities highlight that using digital technology enables them to stay in contact with other people and to participate in various entertainment activities (Fabris, Bratkovi\u0107 and \u017dic Rali\u0107, 2023). Digital literacy also improves a person\u2019s employability (Lyons et al., 2019). This presentation shares insights from EU interdisciplinary research programme, engaging with over 1,000 people with intellectual disabilities, educators and health professionals to create together accessible digital skills programme DigiAcademy. This programme created paid work opportunities as co designers and digital skills tutors, their experiences will also be presented in video.<\/p>\n\n\n\n<figure class=\"wp-block-embed is-type-wp-embed is-provider-2025-research-amp-professional-development-conference wp-block-embed-2025-research-amp-professional-development-conference\"><div class=\"wp-block-embed__wrapper\">\n<blockquote class=\"wp-embedded-content\" data-secret=\"dkfkRHGGAy\"><a href=\"https:\/\/sites.edgehill.ac.uk\/rpdc\/parallel-sessions-3\/\">Parallel Sessions 3 Thursday 12.30pm<\/a><\/blockquote><iframe loading=\"lazy\" class=\"wp-embedded-content\" sandbox=\"allow-scripts\" security=\"restricted\" style=\"position: absolute; visibility: hidden;\" title=\"&#8220;Parallel Sessions 3 Thursday 12.30pm&#8221; &#8212; 2025 Research &amp; Professional Development Conference\" src=\"https:\/\/sites.edgehill.ac.uk\/rpdc\/parallel-sessions-3\/embed\/#?secret=iNFl0IQK6d#?secret=dkfkRHGGAy\" data-secret=\"dkfkRHGGAy\" width=\"500\" height=\"282\" frameborder=\"0\" marginwidth=\"0\" marginheight=\"0\" scrolling=\"no\"><\/iframe>\n<\/div><\/figure>\n","protected":false},"excerpt":{"rendered":"<p>Trinity College Dublin DigiAcademy: Transforming education and employment pathways for students with intellectual disabilities via co designed digital and work ready skills training Despite the sharp increase in the use of digital technologies and the expansion of the opportunities they offer, people with intellectual disabilities are still more likely to be excluded from the digital [&hellip;]<\/p>\n","protected":false},"author":2462,"featured_media":0,"parent":0,"menu_order":0,"comment_status":"closed","ping_status":"closed","template":"","meta":{"footnotes":""},"class_list":["post-348","page","type-page","status-publish","hentry"],"acf":[],"yoast_head":"<!-- This site is optimized with the Yoast SEO plugin v23.5 - https:\/\/yoast.com\/wordpress\/plugins\/seo\/ -->\n<title>Dr Esther Murphy - 2025 Research &amp; Professional Development Conference<\/title>\n<meta name=\"robots\" content=\"index, follow, max-snippet:-1, max-image-preview:large, max-video-preview:-1\" \/>\n<link rel=\"canonical\" href=\"https:\/\/sites.edgehill.ac.uk\/rpdc\/dr-esther-murphy\/\" \/>\n<meta property=\"og:locale\" content=\"en_US\" \/>\n<meta property=\"og:type\" content=\"article\" \/>\n<meta property=\"og:title\" content=\"Dr Esther Murphy - 2025 Research &amp; Professional Development Conference\" \/>\n<meta property=\"og:description\" content=\"Trinity College Dublin DigiAcademy: Transforming education and employment pathways for students with intellectual disabilities via co designed digital and work ready skills training Despite the sharp increase in the use of digital technologies and the expansion of the opportunities they offer, people with intellectual disabilities are still more likely to be excluded from the digital [&hellip;]\" \/>\n<meta property=\"og:url\" content=\"https:\/\/sites.edgehill.ac.uk\/rpdc\/dr-esther-murphy\/\" \/>\n<meta property=\"og:site_name\" content=\"2025 Research &amp; Professional Development Conference\" \/>\n<meta property=\"article:modified_time\" content=\"2025-07-10T16:51:09+00:00\" \/>\n<meta name=\"twitter:card\" content=\"summary_large_image\" \/>\n<meta name=\"twitter:label1\" content=\"Est. reading time\" \/>\n\t<meta name=\"twitter:data1\" content=\"1 minute\" \/>\n<script type=\"application\/ld+json\" class=\"yoast-schema-graph\">{\"@context\":\"https:\/\/schema.org\",\"@graph\":[{\"@type\":\"WebPage\",\"@id\":\"https:\/\/sites.edgehill.ac.uk\/rpdc\/dr-esther-murphy\/\",\"url\":\"https:\/\/sites.edgehill.ac.uk\/rpdc\/dr-esther-murphy\/\",\"name\":\"Dr Esther Murphy - 2025 Research &amp; Professional Development Conference\",\"isPartOf\":{\"@id\":\"https:\/\/sites.edgehill.ac.uk\/rpdc\/#website\"},\"datePublished\":\"2025-06-23T14:18:49+00:00\",\"dateModified\":\"2025-07-10T16:51:09+00:00\",\"breadcrumb\":{\"@id\":\"https:\/\/sites.edgehill.ac.uk\/rpdc\/dr-esther-murphy\/#breadcrumb\"},\"inLanguage\":\"en-US\",\"potentialAction\":[{\"@type\":\"ReadAction\",\"target\":[\"https:\/\/sites.edgehill.ac.uk\/rpdc\/dr-esther-murphy\/\"]}]},{\"@type\":\"BreadcrumbList\",\"@id\":\"https:\/\/sites.edgehill.ac.uk\/rpdc\/dr-esther-murphy\/#breadcrumb\",\"itemListElement\":[{\"@type\":\"ListItem\",\"position\":1,\"name\":\"Home\",\"item\":\"https:\/\/sites.edgehill.ac.uk\/rpdc\/\"},{\"@type\":\"ListItem\",\"position\":2,\"name\":\"Dr Esther Murphy\"}]},{\"@type\":\"WebSite\",\"@id\":\"https:\/\/sites.edgehill.ac.uk\/rpdc\/#website\",\"url\":\"https:\/\/sites.edgehill.ac.uk\/rpdc\/\",\"name\":\"2025 Research &amp; Professional Development Conference\",\"description\":\"\",\"potentialAction\":[{\"@type\":\"SearchAction\",\"target\":{\"@type\":\"EntryPoint\",\"urlTemplate\":\"https:\/\/sites.edgehill.ac.uk\/rpdc\/?s={search_term_string}\"},\"query-input\":{\"@type\":\"PropertyValueSpecification\",\"valueRequired\":true,\"valueName\":\"search_term_string\"}}],\"inLanguage\":\"en-US\"}]}<\/script>\n<!-- \/ Yoast SEO plugin. -->","yoast_head_json":{"title":"Dr Esther Murphy - 2025 Research &amp; Professional Development Conference","robots":{"index":"index","follow":"follow","max-snippet":"max-snippet:-1","max-image-preview":"max-image-preview:large","max-video-preview":"max-video-preview:-1"},"canonical":"https:\/\/sites.edgehill.ac.uk\/rpdc\/dr-esther-murphy\/","og_locale":"en_US","og_type":"article","og_title":"Dr Esther Murphy - 2025 Research &amp; Professional Development Conference","og_description":"Trinity College Dublin DigiAcademy: Transforming education and employment pathways for students with intellectual disabilities via co designed digital and work ready skills training Despite the sharp increase in the use of digital technologies and the expansion of the opportunities they offer, people with intellectual disabilities are still more likely to be excluded from the digital [&hellip;]","og_url":"https:\/\/sites.edgehill.ac.uk\/rpdc\/dr-esther-murphy\/","og_site_name":"2025 Research &amp; Professional Development Conference","article_modified_time":"2025-07-10T16:51:09+00:00","twitter_card":"summary_large_image","twitter_misc":{"Est. reading time":"1 minute"},"schema":{"@context":"https:\/\/schema.org","@graph":[{"@type":"WebPage","@id":"https:\/\/sites.edgehill.ac.uk\/rpdc\/dr-esther-murphy\/","url":"https:\/\/sites.edgehill.ac.uk\/rpdc\/dr-esther-murphy\/","name":"Dr Esther Murphy - 2025 Research &amp; Professional Development Conference","isPartOf":{"@id":"https:\/\/sites.edgehill.ac.uk\/rpdc\/#website"},"datePublished":"2025-06-23T14:18:49+00:00","dateModified":"2025-07-10T16:51:09+00:00","breadcrumb":{"@id":"https:\/\/sites.edgehill.ac.uk\/rpdc\/dr-esther-murphy\/#breadcrumb"},"inLanguage":"en-US","potentialAction":[{"@type":"ReadAction","target":["https:\/\/sites.edgehill.ac.uk\/rpdc\/dr-esther-murphy\/"]}]},{"@type":"BreadcrumbList","@id":"https:\/\/sites.edgehill.ac.uk\/rpdc\/dr-esther-murphy\/#breadcrumb","itemListElement":[{"@type":"ListItem","position":1,"name":"Home","item":"https:\/\/sites.edgehill.ac.uk\/rpdc\/"},{"@type":"ListItem","position":2,"name":"Dr Esther Murphy"}]},{"@type":"WebSite","@id":"https:\/\/sites.edgehill.ac.uk\/rpdc\/#website","url":"https:\/\/sites.edgehill.ac.uk\/rpdc\/","name":"2025 Research &amp; Professional Development Conference","description":"","potentialAction":[{"@type":"SearchAction","target":{"@type":"EntryPoint","urlTemplate":"https:\/\/sites.edgehill.ac.uk\/rpdc\/?s={search_term_string}"},"query-input":{"@type":"PropertyValueSpecification","valueRequired":true,"valueName":"search_term_string"}}],"inLanguage":"en-US"}]}},"_links":{"self":[{"href":"https:\/\/sites.edgehill.ac.uk\/rpdc\/wp-json\/wp\/v2\/pages\/348","targetHints":{"allow":["GET"]}}],"collection":[{"href":"https:\/\/sites.edgehill.ac.uk\/rpdc\/wp-json\/wp\/v2\/pages"}],"about":[{"href":"https:\/\/sites.edgehill.ac.uk\/rpdc\/wp-json\/wp\/v2\/types\/page"}],"author":[{"embeddable":true,"href":"https:\/\/sites.edgehill.ac.uk\/rpdc\/wp-json\/wp\/v2\/users\/2462"}],"replies":[{"embeddable":true,"href":"https:\/\/sites.edgehill.ac.uk\/rpdc\/wp-json\/wp\/v2\/comments?post=348"}],"version-history":[{"count":0,"href":"https:\/\/sites.edgehill.ac.uk\/rpdc\/wp-json\/wp\/v2\/pages\/348\/revisions"}],"wp:attachment":[{"href":"https:\/\/sites.edgehill.ac.uk\/rpdc\/wp-json\/wp\/v2\/media?parent=348"}],"curies":[{"name":"wp","href":"https:\/\/api.w.org\/{rel}","templated":true}]}}

<p>Trinity College Dublin</p>



<h3 class="wp-block-heading">DigiAcademy: Transforming education and employment pathways for students with intellectual disabilities via co designed digital and work ready skills training</h3>



<p>Despite the sharp increase in the use of digital technologies and the expansion of the opportunities they offer, people with intellectual disabilities are still more likely to be excluded from the digital world than people without disabilities (Chadwick et al., 2022), which is confirmed by statements from people with intellectual disabilities (ID) themselves (Johansson, Gulliksen and Gustavsson, 2021). Research shows that digital exclusion leads to social exclusion  and poor education, employment outcomes with a negative impact on well-being and quality of life in general (Chadwick, 2022; Murphy, 2021; Lake et al., 2021). </p>



<p>People with intellectual disabilities highlight that using digital technology enables them to stay in contact with other people and to participate in various entertainment activities (Fabris, Bratković and Žic Ralić, 2023). Digital literacy also improves a person’s employability (Lyons et al., 2019). This presentation shares insights from EU interdisciplinary research programme, engaging with over 1,000 people with intellectual disabilities, educators and health professionals to create together accessible digital skills programme DigiAcademy. This programme created paid work opportunities as co designers and digital skills tutors, their experiences will also be presented in video.</p>



<figure class="wp-block-embed is-type-wp-embed is-provider-2025-research-amp-professional-development-conference wp-block-embed-2025-research-amp-professional-development-conference"><div class="wp-block-embed__wrapper">
<blockquote class="wp-embedded-content" data-secret="dkfkRHGGAy"><a href="https://sites.edgehill.ac.uk/rpdc/parallel-sessions-3/">Parallel Sessions 3 Thursday 12.30pm</a></blockquote><iframe loading="lazy" class="wp-embedded-content" sandbox="allow-scripts" security="restricted" style="position: absolute; visibility: hidden;" title="&#8220;Parallel Sessions 3 Thursday 12.30pm&#8221; &#8212; 2025 Research &amp; Professional Development Conference" src="https://sites.edgehill.ac.uk/rpdc/parallel-sessions-3/embed/#?secret=iNFl0IQK6d#?secret=dkfkRHGGAy" data-secret="dkfkRHGGAy" width="500" height="282" frameborder="0" marginwidth="0" marginheight="0" scrolling="no"></iframe>
</div></figure>
